{"id":2,"date":"2023-10-23T22:44:45","date_gmt":"2023-10-23T22:44:45","guid":{"rendered":"http:\/\/garcialonas-mallasombra.com\/?page_id=2"},"modified":"2025-04-06T02:17:01","modified_gmt":"2025-04-06T02:17:01","slug":"pagina-ejemplo","status":"publish","type":"page","link":"https:\/\/garcialonas-mallasombra.com\/","title":{"rendered":"MALLA SOMBRA"},"content":{"rendered":"\t\t<div data-elementor-type=\"wp-page\" data-elementor-id=\"2\" class=\"elementor elementor-2\">\n\t\t\t\t<div class=\"elementor-element elementor-element-65e7260 e-flex e-con-boxed e-con e-parent\" data-id=\"65e7260\" data-element_type=\"container\">\n\t\t\t\t\t<div class=\"e-con-inner\">\n\t\t<div class=\"elementor-element elementor-element-52d8196 e-con-full e-flex e-con e-child\" data-id=\"52d8196\" data-element_type=\"container\">\n\t\t\t\t<div class=\"elementor-element elementor-element-1f369ba elementor-widget__width-initial elementor-view-default elementor-widget elementor-widget-icon\" data-id=\"1f369ba\" data-element_type=\"widget\" data-widget_type=\"icon.default\">\n\t\t\t\t<div class=\"elementor-widget-container\">\n\t\t\t\t\t<div class=\"elementor-icon-wrapper\">\n\t\t\t<a class=\"elementor-icon\" href=\"https:\/\/www.facebook.com\/garcialonas?locale=es_LA\">\n\t\t\t<i aria-hidden=\"true\" class=\"fab fa-facebook\"><\/i>\t\t\t<\/a>\n\t\t<\/div>\n\t\t\t\t<\/div>\n\t\t\t\t<\/div>\n\t\t\t\t<div class=\"elementor-element elementor-element-aca824b elementor-widget__width-initial elementor-widget-mobile__width-initial elementor-view-default elementor-widget elementor-widget-icon\" data-id=\"aca824b\" data-element_type=\"widget\" data-widget_type=\"icon.default\">\n\t\t\t\t<div class=\"elementor-widget-container\">\n\t\t\t\t\t<div class=\"elementor-icon-wrapper\">\n\t\t\t<a class=\"elementor-icon\" href=\"https:\/\/www.instagram.com\/garcia.lonas\/\">\n\t\t\t<i aria-hidden=\"true\" class=\"icon icon-instagram-1\"><\/i>\t\t\t<\/a>\n\t\t<\/div>\n\t\t\t\t<\/div>\n\t\t\t\t<\/div>\n\t\t\t\t<div class=\"elementor-element elementor-element-bdb1765 elementor-widget__width-initial elementor-view-default elementor-widget elementor-widget-icon\" data-id=\"bdb1765\" data-element_type=\"widget\" data-widget_type=\"icon.default\">\n\t\t\t\t<div class=\"elementor-widget-container\">\n\t\t\t\t\t<div class=\"elementor-icon-wrapper\">\n\t\t\t<div class=\"elementor-icon\">\n\t\t\t<i aria-hidden=\"true\" class=\"icon icon-whatsapp-1\"><\/i>\t\t\t<\/div>\n\t\t<\/div>\n\t\t\t\t<\/div>\n\t\t\t\t<\/div>\n\t\t\t\t<\/div>\n\t\t\t\t\t<\/div>\n\t\t\t\t<\/div>\n\t\t<div class=\"elementor-element elementor-element-2547920 e-flex e-con-boxed e-con e-parent\" data-id=\"2547920\" data-element_type=\"container\">\n\t\t\t\t\t<div class=\"e-con-inner\">\n\t\t\t\t<div class=\"elementor-element elementor-element-bb7d568 elementor-widget elementor-widget-heading\" data-id=\"bb7d568\" data-element_type=\"widget\" data-widget_type=\"heading.default\">\n\t\t\t\t<div class=\"elementor-widget-container\">\n\t\t\t<style>\/*! elementor - v3.22.0 - 26-06-2024 *\/\n.elementor-heading-title{padding:0;margin:0;line-height:1}.elementor-widget-heading .elementor-heading-title[class*=elementor-size-]>a{color:inherit;font-size:inherit;line-height:inherit}.elementor-widget-heading .elementor-heading-title.elementor-size-small{font-size:15px}.elementor-widget-heading .elementor-heading-title.elementor-size-medium{font-size:19px}.elementor-widget-heading .elementor-heading-title.elementor-size-large{font-size:29px}.elementor-widget-heading .elementor-heading-title.elementor-size-xl{font-size:39px}.elementor-widget-heading .elementor-heading-title.elementor-size-xxl{font-size:59px}<\/style><h2 class=\"elementor-heading-title elementor-size-default\">Para la protecci\u00f3n de areas al aire libre, creaci\u00f3n de sombra y capacidad de evitar el paso de la humedad. <\/h2>\t\t<\/div>\n\t\t\t\t<\/div>\n\t\t\t\t\t<\/div>\n\t\t\t\t<\/div>\n\t\t<div class=\"elementor-element elementor-element-690a48a e-flex e-con-boxed e-con e-parent\" data-id=\"690a48a\" data-element_type=\"container\">\n\t\t\t\t\t<div class=\"e-con-inner\">\n\t\t<div class=\"elementor-element elementor-element-be4f33e e-flex e-con-boxed e-con e-child\" data-id=\"be4f33e\" data-element_type=\"container\">\n\t\t\t\t\t<div class=\"e-con-inner\">\n\t\t\t\t<div class=\"elementor-element elementor-element-b72e76e elementor-widget elementor-widget-heading\" data-id=\"b72e76e\" data-element_type=\"widget\" data-widget_type=\"heading.default\">\n\t\t\t\t<div class=\"elementor-widget-container\">\n\t\t\t<h2 class=\"elementor-heading-title elementor-size-default\">Protecci\u00f3n contra la irradiaci\u00f3n directa del sol<\/h2>\t\t<\/div>\n\t\t\t\t<\/div>\n\t\t<div class=\"elementor-element elementor-element-8615323 e-flex e-con-boxed e-con e-child\" data-id=\"8615323\" data-element_type=\"container\">\n\t\t\t\t\t<div class=\"e-con-inner\">\n\t\t\t\t<div class=\"elementor-element elementor-element-a0b3bc3 elementor-view-default elementor-widget elementor-widget-icon\" data-id=\"a0b3bc3\" data-element_type=\"widget\" data-widget_type=\"icon.default\">\n\t\t\t\t<div class=\"elementor-widget-container\">\n\t\t\t\t\t<div class=\"elementor-icon-wrapper\">\n\t\t\t<div class=\"elementor-icon\">\n\t\t\t<i aria-hidden=\"true\" class=\"far fa-sun\"><\/i>\t\t\t<\/div>\n\t\t<\/div>\n\t\t\t\t<\/div>\n\t\t\t\t<\/div>\n\t\t\t\t\t<\/div>\n\t\t\t\t<\/div>\n\t\t\t\t\t<\/div>\n\t\t\t\t<\/div>\n\t\t<div class=\"elementor-element elementor-element-741b5e8 e-flex e-con-boxed e-con e-child\" data-id=\"741b5e8\" data-element_type=\"container\">\n\t\t\t\t\t<div class=\"e-con-inner\">\n\t\t\t\t<div class=\"elementor-element elementor-element-6754087 elementor-widget elementor-widget-heading\" data-id=\"6754087\" data-element_type=\"widget\" data-widget_type=\"heading.default\">\n\t\t\t\t<div class=\"elementor-widget-container\">\n\t\t\t<h2 class=\"elementor-heading-title elementor-size-default\">No es impermeable<\/h2>\t\t<\/div>\n\t\t\t\t<\/div>\n\t\t<div class=\"elementor-element elementor-element-676361a e-flex e-con-boxed e-con e-child\" data-id=\"676361a\" data-element_type=\"container\">\n\t\t\t\t\t<div class=\"e-con-inner\">\n\t\t\t\t<div class=\"elementor-element elementor-element-eb051d5 elementor-view-default elementor-widget elementor-widget-icon\" data-id=\"eb051d5\" data-element_type=\"widget\" data-widget_type=\"icon.default\">\n\t\t\t\t<div class=\"elementor-widget-container\">\n\t\t\t\t\t<div class=\"elementor-icon-wrapper\">\n\t\t\t<div class=\"elementor-icon\">\n\t\t\t<i aria-hidden=\"true\" class=\"fas fa-ban\"><\/i>\t\t\t<\/div>\n\t\t<\/div>\n\t\t\t\t<\/div>\n\t\t\t\t<\/div>\n\t\t\t\t<div class=\"elementor-element elementor-element-ad1f0ae elementor-view-default elementor-widget elementor-widget-icon\" data-id=\"ad1f0ae\" data-element_type=\"widget\" data-widget_type=\"icon.default\">\n\t\t\t\t<div class=\"elementor-widget-container\">\n\t\t\t\t\t<div class=\"elementor-icon-wrapper\">\n\t\t\t<div class=\"elementor-icon\">\n\t\t\t<i aria-hidden=\"true\" class=\"fas fa-cloud-rain\"><\/i>\t\t\t<\/div>\n\t\t<\/div>\n\t\t\t\t<\/div>\n\t\t\t\t<\/div>\n\t\t\t\t\t<\/div>\n\t\t\t\t<\/div>\n\t\t\t\t\t<\/div>\n\t\t\t\t<\/div>\n\t\t<div class=\"elementor-element elementor-element-dc089ac e-con-full e-flex e-con e-child\" data-id=\"dc089ac\" data-element_type=\"container\">\n\t\t\t\t<div class=\"elementor-element elementor-element-d5f9166 elementor-widget__width-initial elementor-widget elementor-widget-heading\" data-id=\"d5f9166\" data-element_type=\"widget\" data-widget_type=\"heading.default\">\n\t\t\t\t<div class=\"elementor-widget-container\">\n\t\t\t<h2 class=\"elementor-heading-title elementor-size-default\">Ofrece mejor temperatura y humedad para las plantas<\/h2>\t\t<\/div>\n\t\t\t\t<\/div>\n\t\t<div class=\"elementor-element elementor-element-23f0adc e-flex e-con-boxed e-con e-child\" data-id=\"23f0adc\" data-element_type=\"container\">\n\t\t\t\t\t<div class=\"e-con-inner\">\n\t\t\t\t<div class=\"elementor-element elementor-element-0b8cc81 elementor-view-default elementor-widget elementor-widget-icon\" data-id=\"0b8cc81\" data-element_type=\"widget\" data-widget_type=\"icon.default\">\n\t\t\t\t<div class=\"elementor-widget-container\">\n\t\t\t\t\t<div class=\"elementor-icon-wrapper\">\n\t\t\t<div class=\"elementor-icon\">\n\t\t\t<i aria-hidden=\"true\" class=\"fas fa-tree\"><\/i>\t\t\t<\/div>\n\t\t<\/div>\n\t\t\t\t<\/div>\n\t\t\t\t<\/div>\n\t\t\t\t\t<\/div>\n\t\t\t\t<\/div>\n\t\t\t\t<\/div>\n\t\t\t\t\t<\/div>\n\t\t\t\t<\/div>\n\t\t<div class=\"elementor-element elementor-element-82d7de6 e-flex e-con-boxed e-con e-parent\" data-id=\"82d7de6\" data-element_type=\"container\">\n\t\t\t\t\t<div class=\"e-con-inner\">\n\t\t\t\t<div class=\"elementor-element elementor-element-6dc45b8 elementor-widget elementor-widget-heading\" data-id=\"6dc45b8\" data-element_type=\"widget\" data-widget_type=\"heading.default\">\n\t\t\t\t<div class=\"elementor-widget-container\">\n\t\t\t<h2 class=\"elementor-heading-title elementor-size-default\">Estructuras elegantes y m\u00e1s ligeras gracias a la  flexibilidad y transpirabilidad de la malla sombra<\/h2>\t\t<\/div>\n\t\t\t\t<\/div>\n\t\t\t\t\t<\/div>\n\t\t\t\t<\/div>\n\t\t<div class=\"elementor-element elementor-element-bf6655c e-flex e-con-boxed e-con e-parent\" data-id=\"bf6655c\" data-element_type=\"container\">\n\t\t\t\t\t<div class=\"e-con-inner\">\n\t\t<div class=\"elementor-element elementor-element-62406cd e-con-full e-flex e-con e-child\" data-id=\"62406cd\" data-element_type=\"container\">\n\t\t\t\t<div class=\"elementor-element elementor-element-3cfde44 elementor-invisible elementor-widget elementor-widget-image\" data-id=\"3cfde44\" data-element_type=\"widget\" data-settings=\"{&quot;_animation&quot;:&quot;fadeInLeft&quot;,&quot;_animation_mobile&quot;:&quot;fadeInRight&quot;}\" data-widget_type=\"image.default\">\n\t\t\t\t<div class=\"elementor-widget-container\">\n\t\t\t<style>\/*! elementor - v3.22.0 - 26-06-2024 *\/\n.elementor-widget-image{text-align:center}.elementor-widget-image a{display:inline-block}.elementor-widget-image a img[src$=\".svg\"]{width:48px}.elementor-widget-image img{vertical-align:middle;display:inline-block}<\/style>\t\t\t\t\t\t\t\t\t\t<img fetchpriority=\"high\" decoding=\"async\" width=\"300\" height=\"243\" src=\"https:\/\/garcialonas-mallasombra.com\/wp-content\/uploads\/2023\/10\/87ea5dcb-76dc-43fd-97af-764d3884409f-300x243.jpg\" class=\"attachment-medium size-medium wp-image-32\" alt=\"\" srcset=\"https:\/\/garcialonas-mallasombra.com\/wp-content\/uploads\/2023\/10\/87ea5dcb-76dc-43fd-97af-764d3884409f-300x243.jpg 300w, https:\/\/garcialonas-mallasombra.com\/wp-content\/uploads\/2023\/10\/87ea5dcb-76dc-43fd-97af-764d3884409f.jpg 320w\" sizes=\"(max-width: 300px) 100vw, 300px\" \/>\t\t\t\t\t\t\t\t\t\t\t\t\t<\/div>\n\t\t\t\t<\/div>\n\t\t\t\t<\/div>\n\t\t<div class=\"elementor-element elementor-element-f2eca05 e-con-full e-flex e-con e-child\" data-id=\"f2eca05\" data-element_type=\"container\">\n\t\t<div class=\"elementor-element elementor-element-35478f2 e-flex e-con-boxed e-con e-child\" data-id=\"35478f2\" data-element_type=\"container\">\n\t\t\t\t\t<div class=\"e-con-inner\">\n\t\t\t\t<div class=\"elementor-element elementor-element-e66122e elementor-widget elementor-widget-heading\" data-id=\"e66122e\" data-element_type=\"widget\" data-widget_type=\"heading.default\">\n\t\t\t\t<div class=\"elementor-widget-container\">\n\t\t\t<h2 class=\"elementor-heading-title elementor-size-default\">Para Jard\u00edn<\/h2>\t\t<\/div>\n\t\t\t\t<\/div>\n\t\t\t\t\t<\/div>\n\t\t\t\t<\/div>\n\t\t\t\t<\/div>\n\t\t\t\t\t<\/div>\n\t\t\t\t<\/div>\n\t\t<div class=\"elementor-element elementor-element-0d0f74e e-flex e-con-boxed e-con e-parent\" data-id=\"0d0f74e\" data-element_type=\"container\">\n\t\t\t\t\t<div class=\"e-con-inner\">\n\t\t<div class=\"elementor-element elementor-element-70b98c3 e-con-full e-flex e-con e-child\" data-id=\"70b98c3\" data-element_type=\"container\">\n\t\t\t\t<div class=\"elementor-element elementor-element-5da31cc elementor-widget elementor-widget-image\" data-id=\"5da31cc\" data-element_type=\"widget\" data-settings=\"{&quot;_animation_mobile&quot;:&quot;fadeInLeft&quot;}\" data-widget_type=\"image.default\">\n\t\t\t\t<div class=\"elementor-widget-container\">\n\t\t\t\t\t\t\t\t\t\t\t\t\t<img decoding=\"async\" width=\"300\" height=\"225\" src=\"https:\/\/garcialonas-mallasombra.com\/wp-content\/uploads\/2024\/06\/WhatsApp-Image-2024-06-20-at-5.43.29-PM-1-300x225.jpeg\" class=\"attachment-medium size-medium wp-image-71\" alt=\"\" srcset=\"https:\/\/garcialonas-mallasombra.com\/wp-content\/uploads\/2024\/06\/WhatsApp-Image-2024-06-20-at-5.43.29-PM-1-300x225.jpeg 300w, https:\/\/garcialonas-mallasombra.com\/wp-content\/uploads\/2024\/06\/WhatsApp-Image-2024-06-20-at-5.43.29-PM-1-1024x768.jpeg 1024w, https:\/\/garcialonas-mallasombra.com\/wp-content\/uploads\/2024\/06\/WhatsApp-Image-2024-06-20-at-5.43.29-PM-1-768x576.jpeg 768w, https:\/\/garcialonas-mallasombra.com\/wp-content\/uploads\/2024\/06\/WhatsApp-Image-2024-06-20-at-5.43.29-PM-1.jpeg 1280w\" sizes=\"(max-width: 300px) 100vw, 300px\" \/>\t\t\t\t\t\t\t\t\t\t\t\t\t<\/div>\n\t\t\t\t<\/div>\n\t\t\t\t<\/div>\n\t\t<div class=\"elementor-element elementor-element-4d7e486 e-con-full e-flex e-con e-child\" data-id=\"4d7e486\" data-element_type=\"container\">\n\t\t<div class=\"elementor-element elementor-element-212b0fc e-flex e-con-boxed e-con e-child\" data-id=\"212b0fc\" data-element_type=\"container\">\n\t\t\t\t\t<div class=\"e-con-inner\">\n\t\t\t\t<div class=\"elementor-element elementor-element-737d6c9 elementor-widget elementor-widget-heading\" data-id=\"737d6c9\" data-element_type=\"widget\" data-widget_type=\"heading.default\">\n\t\t\t\t<div class=\"elementor-widget-container\">\n\t\t\t<h2 class=\"elementor-heading-title elementor-size-default\">Para Cortinas Verticales<\/h2>\t\t<\/div>\n\t\t\t\t<\/div>\n\t\t\t\t\t<\/div>\n\t\t\t\t<\/div>\n\t\t\t\t<\/div>\n\t\t\t\t\t<\/div>\n\t\t\t\t<\/div>\n\t\t<div class=\"elementor-element elementor-element-e997ba3 e-flex e-con-boxed e-con e-parent\" data-id=\"e997ba3\" data-element_type=\"container\">\n\t\t\t\t\t<div class=\"e-con-inner\">\n\t\t<div class=\"elementor-element elementor-element-d22f733 e-con-full e-flex e-con e-child\" data-id=\"d22f733\" data-element_type=\"container\">\n\t\t\t\t<div class=\"elementor-element elementor-element-3e09540 elementor-invisible elementor-widget elementor-widget-image\" data-id=\"3e09540\" data-element_type=\"widget\" data-settings=\"{&quot;_animation&quot;:&quot;fadeInLeft&quot;,&quot;_animation_mobile&quot;:&quot;fadeInRight&quot;}\" data-widget_type=\"image.default\">\n\t\t\t\t<div class=\"elementor-widget-container\">\n\t\t\t\t\t\t\t\t\t\t\t\t\t<img decoding=\"async\" width=\"300\" height=\"225\" src=\"https:\/\/garcialonas-mallasombra.com\/wp-content\/uploads\/2023\/10\/98007ae8-d00e-44a3-8cd8-7ca7c56e93f5-300x225.jpg\" class=\"attachment-medium size-medium wp-image-40\" alt=\"\" srcset=\"https:\/\/garcialonas-mallasombra.com\/wp-content\/uploads\/2023\/10\/98007ae8-d00e-44a3-8cd8-7ca7c56e93f5-300x225.jpg 300w, https:\/\/garcialonas-mallasombra.com\/wp-content\/uploads\/2023\/10\/98007ae8-d00e-44a3-8cd8-7ca7c56e93f5-1024x768.jpg 1024w, https:\/\/garcialonas-mallasombra.com\/wp-content\/uploads\/2023\/10\/98007ae8-d00e-44a3-8cd8-7ca7c56e93f5-768x576.jpg 768w, https:\/\/garcialonas-mallasombra.com\/wp-content\/uploads\/2023\/10\/98007ae8-d00e-44a3-8cd8-7ca7c56e93f5.jpg 1280w\" sizes=\"(max-width: 300px) 100vw, 300px\" \/>\t\t\t\t\t\t\t\t\t\t\t\t\t<\/div>\n\t\t\t\t<\/div>\n\t\t\t\t<\/div>\n\t\t<div class=\"elementor-element elementor-element-c114325 e-con-full e-flex e-con e-child\" data-id=\"c114325\" data-element_type=\"container\">\n\t\t<div class=\"elementor-element elementor-element-1c10c7c e-flex e-con-boxed e-con e-child\" data-id=\"1c10c7c\" data-element_type=\"container\">\n\t\t\t\t\t<div class=\"e-con-inner\">\n\t\t\t\t<div class=\"elementor-element elementor-element-a59c78f elementor-widget elementor-widget-heading\" data-id=\"a59c78f\" data-element_type=\"widget\" data-widget_type=\"heading.default\">\n\t\t\t\t<div class=\"elementor-widget-container\">\n\t\t\t<h2 class=\"elementor-heading-title elementor-size-default\">Para Cochera<\/h2>\t\t<\/div>\n\t\t\t\t<\/div>\n\t\t\t\t\t<\/div>\n\t\t\t\t<\/div>\n\t\t\t\t<\/div>\n\t\t\t\t\t<\/div>\n\t\t\t\t<\/div>\n\t\t<div class=\"elementor-element elementor-element-d23235d e-flex e-con-boxed e-con e-parent\" data-id=\"d23235d\" data-element_type=\"container\">\n\t\t\t\t\t<div class=\"e-con-inner\">\n\t\t\t\t<div class=\"elementor-element elementor-element-b092b76 elementor-align-center elementor-widget elementor-widget-button\" data-id=\"b092b76\" data-element_type=\"widget\" data-widget_type=\"button.default\">\n\t\t\t\t<div class=\"elementor-widget-container\">\n\t\t\t\t\t<div class=\"elementor-button-wrapper\">\n\t\t\t<a class=\"elementor-button elementor-button-link elementor-size-sm\" href=\"https:\/\/garcialonas-mallasombra.com\/index.php\/estructuras\/\">\n\t\t\t\t\t\t<span class=\"elementor-button-content-wrapper\">\n\t\t\t\t\t\t\t\t\t<span class=\"elementor-button-text\">CONOCER M\u00c1S<\/span>\n\t\t\t\t\t<\/span>\n\t\t\t\t\t<\/a>\n\t\t<\/div>\n\t\t\t\t<\/div>\n\t\t\t\t<\/div>\n\t\t\t\t\t<\/div>\n\t\t\t\t<\/div>\n\t\t\t\t<\/div>\n\t\t","protected":false},"excerpt":{"rendered":"<p>Para la protecci\u00f3n de areas al aire libre, creaci\u00f3n de sombra y capacidad de evitar el paso de la humedad. Protecci\u00f3n contra la irradiaci\u00f3n directa del sol No es impermeable Ofrece mejor temperatura y humedad para las plantas Estructuras elegantes y m\u00e1s ligeras gracias a la flexibilidad y transpirabilidad de la malla sombra Para Jard\u00edn [&hellip;]<\/p>\n","protected":false},"author":1,"featured_media":0,"parent":0,"menu_order":0,"comment_status":"closed","ping_status":"closed","template":"","meta":{"_monsterinsights_skip_tracking":false,"_monsterinsights_sitenote_active":false,"_monsterinsights_sitenote_note":"","_monsterinsights_sitenote_category":0,"footnotes":""},"class_list":["post-2","page","type-page","status-publish","hentry"],"aioseo_notices":[],"_links":{"self":[{"href":"https:\/\/garcialonas-mallasombra.com\/index.php\/wp-json\/wp\/v2\/pages\/2","targetHints":{"allow":["GET"]}}],"collection":[{"href":"https:\/\/garcialonas-mallasombra.com\/index.php\/wp-json\/wp\/v2\/pages"}],"about":[{"href":"https:\/\/garcialonas-mallasombra.com\/index.php\/wp-json\/wp\/v2\/types\/page"}],"author":[{"embeddable":true,"href":"https:\/\/garcialonas-mallasombra.com\/index.php\/wp-json\/wp\/v2\/users\/1"}],"replies":[{"embeddable":true,"href":"https:\/\/garcialonas-mallasombra.com\/index.php\/wp-json\/wp\/v2\/comments?post=2"}],"version-history":[{"count":40,"href":"https:\/\/garcialonas-mallasombra.com\/index.php\/wp-json\/wp\/v2\/pages\/2\/revisions"}],"predecessor-version":[{"id":145,"href":"https:\/\/garcialonas-mallasombra.com\/index.php\/wp-json\/wp\/v2\/pages\/2\/revisions\/145"}],"wp:attachment":[{"href":"https:\/\/garcialonas-mallasombra.com\/index.php\/wp-json\/wp\/v2\/media?parent=2"}],"curies":[{"name":"wp","href":"https:\/\/api.w.org\/{rel}","templated":true}]}}